{"id":6604,"date":"2023-05-30T13:25:24","date_gmt":"2023-05-30T13:25:24","guid":{"rendered":"https:\/\/pp.ladivulgation.fr\/?page_id=6604"},"modified":"2025-09-01T14:11:09","modified_gmt":"2025-09-01T14:11:09","slug":"fab-0-pour-debuter","status":"publish","type":"page","link":"https:\/\/pp.ladivulgation.fr\/?page_id=6604","title":{"rendered":"FAB 0 &#8211; Pour d\u00e9buter"},"content":{"rendered":"\n<p>Il est clair que s&rsquo;engager dans la fabrication d&rsquo;une eau pouss\u00e9e au maximum de ses retranchements demande non seulement du temps mais aussi des investissements qu&rsquo;il est des fois difficile \u00e0 faire. en une seule fois.<\/p>\n\n\n\n<p>Comprenez que le processus de fabrication est issu de l&rsquo;exp\u00e9rience acquise au cours des 8 derni\u00e8res ann\u00e9es. Cela ne s&rsquo;est pas fait en un claquement de doigt mais par un constant va et vient entre nos essais et les recommandations faites par l&rsquo;Un-Visible.<\/p>\n\n\n\n<p>Et puis, au fil du temps et \u00e0 fur et \u00e0 mesure que l&rsquo;on d\u00e9couvrait de nouvelles techniques (ou outils vendus dans la commerce), la m\u00e9thode s&rsquo;est am\u00e9lior\u00e9e au point d&rsquo;en devenir quelque chose de rebutant \u00e0 faire.<\/p>\n\n\n\n<p>Ainsi quand je me rappelle les tous d\u00e9buts, c&rsquo;\u00e9tait simple, abordable et rapide \u00e0 mettre en \u0153uvre. Cette page a donc pour objet de vous donner les astuces pour bien d\u00e9buter et puis ensuite, vous aurez l&rsquo;\u00e9nergie suffisante pour passer aux \u00e9tapes sup\u00e9rieures \u00e0 votre vitesse et selon vos moyens et n\u00e9cessit\u00e9s.<\/p>\n\n\n\n<p><strong><span style=\"color: #ff00ff;\">&#8212;- Pour gagner du temps, je vous copie-colle un document que R\u00e9my m&rsquo;a fait parvenir &#8212;-<\/span><\/strong><\/p>\n\n\n\n<p><u>Avertissement<\/u>&nbsp;: Ce ne sont pas les m\u00e9thodes id\u00e9ales, mais elles permettent de mettre le pied \u00e0 l\u2019\u00e9trier sans tomber dans la paresse face \u00e0 ce qui peut para\u00eetre \u00eatre une usine \u00e0 gaz. Vous vous alimenterez ainsi avec une eau d\u2019une qualit\u00e9 d\u00e9j\u00e0 bien au-del\u00e0 de l\u2019eau du robinet ou du commerce.<\/p>\n\n\n\n<p>Le plus important est l\u2019encodage atomique via les cristaux petits poucets \u00e0 se procurer ici\u00a0: <a href=\"https:\/\/shop.eau2p.fr\/\">https:\/\/shop.eau2p.fr\/<\/a><\/p>\n\n\n\n<p><strong><span style=\"color: #ff0000;\">M\u00e9thode A&nbsp;: Eau du robinet + cristaux encod\u00e9s<\/span><br><\/strong>Il vous suffit de remplir une carafe d\u2019eau avec des cristaux encod\u00e9s dedans.&nbsp;Il ne vous reste plus qu\u2019\u00e0 la boire, en prenant soin de toujours garder un fond d\u2019eau avant de la re-remplir. En effet, cela permet de garder une eau de r\u00e9f\u00e9rence qui montera en puissance la suivante.<\/p>\n\n\n\n<p><strong><span style=\"color: #ff0000;\">M\u00e9thode B : Eau de Source&nbsp; + cristaux encod\u00e9s&nbsp;<\/span><br><\/strong>M\u00eame principe que la M\u00e9thode A mais avec une eau moins pollu\u00e9e.<\/p>\n\n\n\n<p><strong><span style=\"color: #ff0000;\">M\u00e9thode C : purificateur Berkey&nbsp; + cristaux encod\u00e9s&nbsp;<\/span><br><\/strong>L\u2019eau qui sort du purificateur Berkey est moins pollu\u00e9e que les eaux \u00e9voqu\u00e9es avant.&nbsp;Ce qui est pratique avec le purificateur Berkey, c\u2019est qu\u2019il suffit de mettre les cristaux encod\u00e9s dans la cuve du bas.<\/p>\n\n\n\n<p><strong><span style=\"color: #ff0000;\">M\u00e9thode D : Osmoseur + cristaux encod\u00e9s&nbsp;<\/span><br><\/strong>Il vous suffit de remplir une carafe d\u2019eau <u>osmos\u00e9e<\/u> avec des cristaux encod\u00e9s dedans. L\u2019eau qui sort d\u2019un osmoseur est moins pollu\u00e9e que les eaux \u00e9voqu\u00e9es avant. Cela n\u00e9cessite en revanche une alimentation riche en min\u00e9raux en parall\u00e8le car l\u2019osmose d\u00e9min\u00e9ralise l\u2019eau (voir page Fab 9)<\/p>\n","protected":false},"excerpt":{"rendered":"<p>Il est clair que s&rsquo;engager dans la fabrication d&rsquo;une eau pouss\u00e9e au maximum de ses retranchements demande non seulement du temps mais aussi des investissements qu&rsquo;il est des fois difficile \u00e0 faire. en une seule fois. Comprenez que le processus de fabrication est issu de l&rsquo;exp\u00e9rience acquise au cours des 8 derni\u00e8res ann\u00e9es. Cela ne [&hellip;]<\/p>\n","protected":false},"author":1,"featured_media":0,"parent":0,"menu_order":0,"comment_status":"closed","ping_status":"closed","template":"","meta":{"footnotes":""},"class_list":["post-6604","page","type-page","status-publish","hentry"],"_links":{"self":[{"href":"https:\/\/pp.ladivulgation.fr\/index.php?rest_route=\/wp\/v2\/pages\/6604","targetHints":{"allow":["GET"]}}],"collection":[{"href":"https:\/\/pp.ladivulgation.fr\/index.php?rest_route=\/wp\/v2\/pages"}],"about":[{"href":"https:\/\/pp.ladivulgation.fr\/index.php?rest_route=\/wp\/v2\/types\/page"}],"author":[{"embeddable":true,"href":"https:\/\/pp.ladivulgation.fr\/index.php?rest_route=\/wp\/v2\/users\/1"}],"replies":[{"embeddable":true,"href":"https:\/\/pp.ladivulgation.fr\/index.php?rest_route=%2Fwp%2Fv2%2Fcomments&post=6604"}],"version-history":[{"count":3,"href":"https:\/\/pp.ladivulgation.fr\/index.php?rest_route=\/wp\/v2\/pages\/6604\/revisions"}],"predecessor-version":[{"id":8339,"href":"https:\/\/pp.ladivulgation.fr\/index.php?rest_route=\/wp\/v2\/pages\/6604\/revisions\/8339"}],"wp:attachment":[{"href":"https:\/\/pp.ladivulgation.fr\/index.php?rest_route=%2Fwp%2Fv2%2Fmedia&parent=6604"}],"curies":[{"name":"wp","href":"https:\/\/api.w.org\/{rel}","templated":true}]}}