{"id":6638,"date":"2023-05-30T13:36:49","date_gmt":"2023-05-30T13:36:49","guid":{"rendered":"https:\/\/pp.ladivulgation.fr\/?page_id=6638"},"modified":"2023-05-30T14:35:21","modified_gmt":"2023-05-30T14:35:21","slug":"cgev-temoignages","status":"publish","type":"page","link":"https:\/\/pp.ladivulgation.fr\/?page_id=6638","title":{"rendered":"CGEV &#8211; T\u00e9moignages"},"content":{"rendered":"\n<p>Apr\u00e8s chaque session, chaqu&rsquo;Un est libre de laisser un t\u00e9moignage de ce qu&rsquo;il a ressenti et sans donner d&rsquo;info sur justement la guidance qu&rsquo;il a fait. En effet, la progression \u00e9tant logique il est bien que les \u00e9tudiants ne sachent pas \u00e0 quoi s&rsquo;attendre la prochaine fois.<\/p>\n\n\n\n<p>Il est important que chaque \u00e9tudiant ne sache pas afin de d\u00e9jouer les pi\u00e8ges du mental-\u00e9go qui voudra prendre la main. Et puis, une fois les 9 guidances r\u00e9alis\u00e9es alors il est recommand\u00e9e de faire en \u00ab\u00a0libre\u00a0\u00bb c&rsquo;est-\u00e0-dire sans aucun support sonore.<\/p>\n\n\n\n<p>Au d\u00e9but \u00e7a fait dr\u00f4le mais croyez-moi ceux qui se sont lanc\u00e9s ont vite d\u00e9couvert que chaque session est unique et correspond exactement \u00e0 ce qui doivent faire. Dit en d&rsquo;autres termes, l&rsquo;\u00e9tudiant n&rsquo;est plus un \u00e9tudiant mais un marcheur marchant sur son propre chemin. C&rsquo;est donc ultra-personnalis\u00e9 et n&rsquo;incite donc pas \u00e0 revenir \u00e0 ce qui a \u00e9t\u00e9 une rampe de lancement.<\/p>\n\n\n\n<p>De plus, si vous n&rsquo;avez rien senti ou que vous avez dormi, cela ne veut pas qu&rsquo;il ne s&rsquo;est rien pass\u00e9. C&rsquo;est juste que soit votre v\u00e9hicule n&rsquo;est pas encore pr\u00eat \u00e0 ressentir des fr\u00e9quences aussi hautes et dans le second cas que votre mental-\u00e9go faisait trop forte obstruction alors il a \u00e9t\u00e9 \u00ab\u00a0\u00e9teint\u00a0\u00bb.<\/p>\n\n\n\n<p>Ainsi \u00e0 chaque session, je publie un petit rappel \u00e0 quelle date cela doit se faire et ensuite vous pouvez laisser votre t\u00e9moignage dans les commentaires si vous d\u00e9sirez en laisser un.<\/p>\n\n\n\n<p>Terre-M\u00e8re appr\u00e9cie les volontaires sinc\u00e8res qui n&rsquo;ont pas besoin de preuves pour lui venir en aide. Cela doit \u00eatre un \u00e9lan du c\u0153ur d&rsquo;abord et ensuite vous aurez la surprise de d\u00e9couvrir ce qui vous est r\u00e9serv\u00e9 \u00e0 vous car votre unicit\u00e9 d\u00e9cidera de ce que vous percevrez et ferez dans chaque guidance.<\/p>\n\n\n\n<p>Bref aucune garantie d&rsquo;avoir des frissons et si vous en avez alors vous comprendrez pourquoi il est inutile d&rsquo;attirer le chaland mais qu&rsquo;il est bien d&rsquo;offrir \u00e0 ceux qui ont oeuvr\u00e9s \u00e0 vos c\u00f4t\u00e9s et qui appr\u00e9cient une communication qui renforce les liens fraternels.<\/p>\n","protected":false},"excerpt":{"rendered":"<p>Apr\u00e8s chaque session, chaqu&rsquo;Un est libre de laisser un t\u00e9moignage de ce qu&rsquo;il a ressenti et sans donner d&rsquo;info sur justement la guidance qu&rsquo;il a fait. En effet, la progression \u00e9tant logique il est bien que les \u00e9tudiants ne sachent pas \u00e0 quoi s&rsquo;attendre la prochaine fois. Il est important que chaque \u00e9tudiant ne sache [&hellip;]<\/p>\n","protected":false},"author":1,"featured_media":0,"parent":0,"menu_order":0,"comment_status":"closed","ping_status":"closed","template":"","meta":{"footnotes":""},"class_list":["post-6638","page","type-page","status-publish","hentry"],"_links":{"self":[{"href":"https:\/\/pp.ladivulgation.fr\/index.php?rest_route=\/wp\/v2\/pages\/6638","targetHints":{"allow":["GET"]}}],"collection":[{"href":"https:\/\/pp.ladivulgation.fr\/index.php?rest_route=\/wp\/v2\/pages"}],"about":[{"href":"https:\/\/pp.ladivulgation.fr\/index.php?rest_route=\/wp\/v2\/types\/page"}],"author":[{"embeddable":true,"href":"https:\/\/pp.ladivulgation.fr\/index.php?rest_route=\/wp\/v2\/users\/1"}],"replies":[{"embeddable":true,"href":"https:\/\/pp.ladivulgation.fr\/index.php?rest_route=%2Fwp%2Fv2%2Fcomments&post=6638"}],"version-history":[{"count":1,"href":"https:\/\/pp.ladivulgation.fr\/index.php?rest_route=\/wp\/v2\/pages\/6638\/revisions"}],"predecessor-version":[{"id":6641,"href":"https:\/\/pp.ladivulgation.fr\/index.php?rest_route=\/wp\/v2\/pages\/6638\/revisions\/6641"}],"wp:attachment":[{"href":"https:\/\/pp.ladivulgation.fr\/index.php?rest_route=%2Fwp%2Fv2%2Fmedia&parent=6638"}],"curies":[{"name":"wp","href":"https:\/\/api.w.org\/{rel}","templated":true}]}}