{"id":6678,"date":"2023-05-30T13:43:13","date_gmt":"2023-05-30T13:43:13","guid":{"rendered":"http:\/\/laurent"},"modified":"2023-06-27T05:53:22","modified_gmt":"2023-06-27T05:53:22","slug":"rgpd-2","status":"publish","type":"page","link":"https:\/\/pp.ladivulgation.fr\/?page_id=6678","title":{"rendered":"RGPD"},"content":{"rendered":"\n<h2 class=\"wp-block-heading\">Pr\u00e9ambule<\/h2>\n\n\n\n<p>Devant la niaiserie des lois juridiques qui apparaissent une fois le mal d\u00e9j\u00e0 fait, on ne peut que s&rsquo;y plier sous peine d&rsquo;avoir des ennuis en tous genres.<\/p>\n\n\n\n<p>Ainsi devant l&rsquo;hyper commerce de vos donn\u00e9es personnelles et confidentielles collect\u00e9es par les GAFAM (et la multitude d&rsquo;organisations ou d&rsquo;institutions l\u00e9gales et\/ou +\/- mafieuses), il a \u00e9t\u00e9 de bon ton d&rsquo;y coller une couche de vernis appel\u00e9e RGPD (en gros la protection de vos donn\u00e9es personnelles).<\/p>\n\n\n\n<p>Ne vous y trompez pas : \u00ab\u00a0Big Brother\u00a0\u00bb est d\u00e9j\u00e0 l\u00e0 depuis qu&rsquo;internet existe. Cependant, avant c&rsquo;\u00e9tait assez discret mais \u00ab\u00a0business model\u00a0\u00bb obligeant (sans compter les man\u0153uvres politiques plus ou moins prononc\u00e9es selon les pays), il n&rsquo;\u00e9tait plus possible de cacher que toutes les entreprises (y compris l\u2019\u00c9tat) veulent conna\u00eetre vos centres d&rsquo;int\u00e9r\u00eats, vos tendances, vos go\u00fbts, vos orientations mais aussi qui vous fr\u00e9quentez, quand, combien de temps et de quoi si c&rsquo;est possible.<\/p>\n\n\n\n<p>Nos messageries sont sur \u00e9coute tout comme nos t\u00e9l\u00e9phones, etc, etc&#8230; au point que derri\u00e8re le vernis \u00ab\u00a0la loi vous prot\u00e8ge\u00a0\u00bb, en v\u00e9rit\u00e9, vous \u00eates totalement fliqu\u00e9. Pour ceux qui croient qu&rsquo;ils doivent prot\u00e9ger leur mail, n\u00b0 de t\u00e9l ou autre, allez simplement sur internet, cherchez dans la barre de recherche avec un mot pas bien vu et vous serez imm\u00e9diatement rep\u00e9r\u00e9 par des robots informatiques.<\/p>\n\n\n\n<p>Bien \u00e9videmment tout cela sera trait\u00e9 par des IA pour finalement atterrir chez ceux qui font la loi et qui vont promptement d\u00e9barqu\u00e9 chez vous d\u00e8s que votre dossier sera suffisamment \u00e9pais pour intervenir.<\/p>\n\n\n\n<p>Alors permettez-moi de dire aux incr\u00e9dules qui pensent avoir encore une sph\u00e8re priv\u00e9e que le miroir aux alouette officiel pour la protection de vos donn\u00e9es personnelles via le contr\u00f4le des cookies (programme de suivi quand vous visitez un site) est tout simplement du bluff total.<\/p>\n\n\n\n<h2 class=\"wp-block-heading\">Politique des \u00ab\u00a0cookies\u00a0\u00bb<\/h2>\n\n\n\n<p>N&rsquo;\u00e9tant pas un site commercial, aucun cookie n&rsquo;ira vous espionner car je me fous compl\u00e9tement de quand et combien de fois vous venez sur mon site. Et tout autant de savoir o\u00f9 vous cliquez pour soit disant am\u00e9liorer votre exp\u00e9rience utilisateur. Bref, aucun suivi.<\/p>\n\n\n\n<h2 class=\"wp-block-heading\">Abonnement<\/h2>\n\n\n\n<p>Pour l&rsquo;instant ce site n&rsquo;en propose pas pour 2 raisons principales :<\/p>\n\n\n\n<ul class=\"wp-block-list\">\n<li>C&rsquo;est une gal\u00e8re administrative que je n&rsquo;ai pas le temps de g\u00e9rer et encore moins d\u2019assumer.<\/li>\n\n\n\n<li>Cela repr\u00e9sente un coup financier car plus rien n&rsquo;est gratuit de nos jours. Si cela \u00e9tait le cas il y a fort longtemps c&rsquo;\u00e9tait justement pour collecter les mails et les revendre&#8230;<br><strong>En gros, \u00e0 chaque fois que l&rsquo;on vous propose un service gratuit sur internet c&rsquo;est que quelqu&rsquo;un s&rsquo;enrichit sur votre dos.<\/strong><\/li>\n<\/ul>\n\n\n\n<h2 class=\"wp-block-heading\">Commentaires<\/h2>\n\n\n\n<p>C&rsquo;est le seul endroit o\u00f9 votre mail est n\u00e9cessaire pour \u00e9crire un commentaire tout en sachant qu&rsquo;en v\u00e9rit\u00e9 vous pouvez saisir n&rsquo;importe quoi ou utiliser des mails temporaires ou \u00e0 usage unique.<\/p>\n\n\n\n<p>En d&rsquo;autres termes, aucune fiabilit\u00e9 en quoi que ce soit car vous pouvez mettre n&rsquo;importe quoi. Alors pourquoi \u00eatre oblig\u00e9 de le renseigner ? La raison en est bien simple : une autre loi l&rsquo;oblige afin de pouvoir retracer l&rsquo;auteur du commentaire. Pendant cette op, il est aussi collect\u00e9 l&rsquo;adresse IP de votre box.<\/p>\n\n\n\n<p>En d&rsquo;autres termes, la loi demande une chose et son contraire en m\u00eame temps. Ainsi, pour faire bien, on dit au mougeon qu&rsquo;on veut le prot\u00e9ger tout en sachant que l&rsquo;on conna\u00eet presque tout de lui&#8230;<\/p>\n\n\n\n<p><strong>Une r\u00e8gle de base \u00e0 conna\u00eetre : d\u00e8s que tu touches un clavier d&rsquo;ordi ou de t\u00e9l\u00e9phone, tu es fliqu\u00e9<\/strong> alors comprend que vouloir garder un anonymat est une illusion totale. C&rsquo;est idem pour tout ce qui est bancaire : d\u00e8s qu&rsquo;il y a de l&rsquo;\u00e9lectronique\/informatique c&rsquo;est foutu.<\/p>\n\n\n\n<h2 class=\"wp-block-heading\">Publications<\/h2>\n\n\n\n<p>Tout ce qu je publie reste une v\u00e9rit\u00e9 purement personnelle et n&rsquo;a absolument aucune force de loi. Ainsi si mes d\u00e9lires te semblent farfelus, il est inutile de vouloir me rentrer dedans par des commentaires agressifs, racistes ou m\u00e9prisants. <\/p>\n\n\n\n<p>De toute fa\u00e7on, tous les commentaires sont mod\u00e9r\u00e9s sur ce site. Entendez que quelqu&rsquo;un d\u00e9cide si c&rsquo;est publiable ou pas (moi en l\u2019occurrence). S&rsquo;il y a attaque personnelle, vocabulaire insultant, d\u00e9plac\u00e9 ou incompr\u00e9hensible alors c&rsquo;est la poubelle directe.<\/p>\n\n\n\n<p>Normalement chaqu&rsquo;UN a le droit d&rsquo;exprimer ce qu&rsquo;il veut tant qu&rsquo;il ne contrevient pas aux lois \u00e9tatiques et soci\u00e9tales en cours. Dieu sait combien c&rsquo;est d\u00e9j\u00e0 une contrainte lourde car c&rsquo;est aussi sans compter tous les mots tabous du moment qui contredisent la version officielle que l&rsquo;on retrouve dans les merdias. <\/p>\n\n\n\n<h2 class=\"wp-block-heading\">Obligation administrative<\/h2>\n\n\n\n<p>Pour \u00eatre \u00ab\u00a0clean\u00a0\u00bb voici <a href=\"https:\/\/pp.ladivulgation.fr\/?page_id=8202\" data-type=\"URL\" data-id=\"https:\/\/pp.ladivulgation.fr\/?page_id=8202\" target=\"_blank\" rel=\"noreferrer noopener\">un lien<\/a> vers une politique de confidentialit\u00e9 hyper standard livr\u00e9e avec le logiciel WordPress. Elle vaut ce qu&rsquo;elle vaut mais comme c&rsquo;est obligatoire, je m&rsquo;ex\u00e9cute afin de d\u00e9montrer que je suis un bon mouton ob\u00e9issant bien que ce truc soit aussi non lu que tous les r\u00e8glements que l&rsquo;on doit cocher quand tu fais le moindre achat sur internet&#8230; <\/p>\n","protected":false},"excerpt":{"rendered":"<p>Pr\u00e9ambule Devant la niaiserie des lois juridiques qui apparaissent une fois le mal d\u00e9j\u00e0 fait, on ne peut que s&rsquo;y plier sous peine d&rsquo;avoir des ennuis en tous genres. Ainsi devant l&rsquo;hyper commerce de vos donn\u00e9es personnelles et confidentielles collect\u00e9es par les GAFAM (et la multitude d&rsquo;organisations ou d&rsquo;institutions l\u00e9gales et\/ou +\/- mafieuses), il a [&hellip;]<\/p>\n","protected":false},"author":1,"featured_media":0,"parent":0,"menu_order":0,"comment_status":"closed","ping_status":"closed","template":"","meta":{"footnotes":""},"class_list":["post-6678","page","type-page","status-publish","hentry"],"_links":{"self":[{"href":"https:\/\/pp.ladivulgation.fr\/index.php?rest_route=\/wp\/v2\/pages\/6678","targetHints":{"allow":["GET"]}}],"collection":[{"href":"https:\/\/pp.ladivulgation.fr\/index.php?rest_route=\/wp\/v2\/pages"}],"about":[{"href":"https:\/\/pp.ladivulgation.fr\/index.php?rest_route=\/wp\/v2\/types\/page"}],"author":[{"embeddable":true,"href":"https:\/\/pp.ladivulgation.fr\/index.php?rest_route=\/wp\/v2\/users\/1"}],"replies":[{"embeddable":true,"href":"https:\/\/pp.ladivulgation.fr\/index.php?rest_route=%2Fwp%2Fv2%2Fcomments&post=6678"}],"version-history":[{"count":1,"href":"https:\/\/pp.ladivulgation.fr\/index.php?rest_route=\/wp\/v2\/pages\/6678\/revisions"}],"predecessor-version":[{"id":8204,"href":"https:\/\/pp.ladivulgation.fr\/index.php?rest_route=\/wp\/v2\/pages\/6678\/revisions\/8204"}],"wp:attachment":[{"href":"https:\/\/pp.ladivulgation.fr\/index.php?rest_route=%2Fwp%2Fv2%2Fmedia&parent=6678"}],"curies":[{"name":"wp","href":"https:\/\/api.w.org\/{rel}","templated":true}]}}