{"id":6681,"date":"2023-05-30T13:43:13","date_gmt":"2023-05-30T13:43:13","guid":{"rendered":"http:\/\/laurent"},"modified":"2024-01-04T18:33:09","modified_gmt":"2024-01-04T18:33:09","slug":"don-2","status":"publish","type":"page","link":"https:\/\/pp.ladivulgation.fr\/?page_id=6681","title":{"rendered":"Don"},"content":{"rendered":"\n<p><strong>Le don est la philosophie de ce blog.<\/strong> Tout le contenu est \u00e0 disposition, gratuitement, et peut \u00eatre reproduit sans aucune autorisation de l\u2019auteur \u00e0 la seule condition de respecter la netiquette (aucune coupure et citation du lien de la source).<\/p>\n\n\n\n<p><strong>Si vous souhaitez r\u00e9tablir l\u2019\u00e9quilibre et donner en retour<\/strong> d&rsquo;abord en soutenant financi\u00e8rement les frais techniques que ce site occasionne tout en aidant le d\u00e9lireur lui-m\u00eame alors cliquez <a href=\"https:\/\/www.paypal.com\/paypalme\/LaurentDUREAU\" data-type=\"link\" data-id=\"https:\/\/www.paypal.com\/paypalme\/LaurentDUREAU\" target=\"_blank\" rel=\"noreferrer noopener\">sur ce lien<\/a>.<\/p>\n\n\n\n<p><strong>Si vous avez des probl\u00e8mes techniques ou pr\u00e9f\u00e9rez participer par ch\u00e8que ou par virement<\/strong>, contactez-moi \u00e0 cette adresse <a href=\"mailto:laurent@homo-galacticus.fr\">laurent@homo-galacticus.fr<\/a>&nbsp; <\/p>\n\n\n\n<p>Merci d\u2019avance de votre participation afin que le d\u00e9lireur en chef puisse continuer \u00e0 se la p\u00e9ter grave ici ou sur ses autres sites\u2026.<\/p>\n","protected":false},"excerpt":{"rendered":"<p>Le don est la philosophie de ce blog. Tout le contenu est \u00e0 disposition, gratuitement, et peut \u00eatre reproduit sans aucune autorisation de l\u2019auteur \u00e0 la seule condition de respecter la netiquette (aucune coupure et citation du lien de la source). Si vous souhaitez r\u00e9tablir l\u2019\u00e9quilibre et donner en retour d&rsquo;abord en soutenant financi\u00e8rement les [&hellip;]<\/p>\n","protected":false},"author":1,"featured_media":0,"parent":0,"menu_order":0,"comment_status":"closed","ping_status":"closed","template":"","meta":{"footnotes":""},"class_list":["post-6681","page","type-page","status-publish","hentry"],"_links":{"self":[{"href":"https:\/\/pp.ladivulgation.fr\/index.php?rest_route=\/wp\/v2\/pages\/6681","targetHints":{"allow":["GET"]}}],"collection":[{"href":"https:\/\/pp.ladivulgation.fr\/index.php?rest_route=\/wp\/v2\/pages"}],"about":[{"href":"https:\/\/pp.ladivulgation.fr\/index.php?rest_route=\/wp\/v2\/types\/page"}],"author":[{"embeddable":true,"href":"https:\/\/pp.ladivulgation.fr\/index.php?rest_route=\/wp\/v2\/users\/1"}],"replies":[{"embeddable":true,"href":"https:\/\/pp.ladivulgation.fr\/index.php?rest_route=%2Fwp%2Fv2%2Fcomments&post=6681"}],"version-history":[{"count":1,"href":"https:\/\/pp.ladivulgation.fr\/index.php?rest_route=\/wp\/v2\/pages\/6681\/revisions"}],"predecessor-version":[{"id":8232,"href":"https:\/\/pp.ladivulgation.fr\/index.php?rest_route=\/wp\/v2\/pages\/6681\/revisions\/8232"}],"wp:attachment":[{"href":"https:\/\/pp.ladivulgation.fr\/index.php?rest_route=%2Fwp%2Fv2%2Fmedia&parent=6681"}],"curies":[{"name":"wp","href":"https:\/\/api.w.org\/{rel}","templated":true}]}}