{"id":8216,"date":"2023-08-20T10:30:52","date_gmt":"2023-08-20T10:30:52","guid":{"rendered":"https:\/\/pp.ladivulgation.fr\/?page_id=8216"},"modified":"2025-09-01T14:14:44","modified_gmt":"2025-09-01T14:14:44","slug":"boutique","status":"publish","type":"page","link":"https:\/\/pp.ladivulgation.fr\/?page_id=8216","title":{"rendered":"Boutique"},"content":{"rendered":"\n<p>L&rsquo;ensemble des produits dont il est parl\u00e9 sur tout ce site se trouve \u00e0 <a href=\"https:\/\/shop.eau2p.fr\/\" data-type=\"link\" data-id=\"https:\/\/shop.eau2p.fr\/\" target=\"_blank\" rel=\"noreferrer noopener\">cette nouvelle adresse<\/a>. Il est g\u00e9r\u00e9 par Laurent et Christine (pour les exp\u00e9ditions).<\/p>\n\n\n\n<p>Ce nouveau site a \u00e9t\u00e9 mis en ligne d\u00e9but ao\u00fbt 2024 pour remplacer l&rsquo;ancien site osmoser.fr qui \u00e9tait g\u00e9r\u00e9 par Damien (malheureusement d\u00e9c\u00e9d\u00e9 en juillet 2024).<\/p>\n","protected":false},"excerpt":{"rendered":"<p>L&rsquo;ensemble des produits dont il est parl\u00e9 sur tout ce site se trouve \u00e0 cette nouvelle adresse. Il est g\u00e9r\u00e9 par Laurent et Christine (pour les exp\u00e9ditions). Ce nouveau site a \u00e9t\u00e9 mis en ligne d\u00e9but ao\u00fbt 2024 pour remplacer l&rsquo;ancien site osmoser.fr qui \u00e9tait g\u00e9r\u00e9 par Damien (malheureusement d\u00e9c\u00e9d\u00e9 en juillet 2024).<\/p>\n","protected":false},"author":1,"featured_media":0,"parent":0,"menu_order":0,"comment_status":"closed","ping_status":"closed","template":"","meta":{"footnotes":""},"class_list":["post-8216","page","type-page","status-publish","hentry"],"_links":{"self":[{"href":"https:\/\/pp.ladivulgation.fr\/index.php?rest_route=\/wp\/v2\/pages\/8216","targetHints":{"allow":["GET"]}}],"collection":[{"href":"https:\/\/pp.ladivulgation.fr\/index.php?rest_route=\/wp\/v2\/pages"}],"about":[{"href":"https:\/\/pp.ladivulgation.fr\/index.php?rest_route=\/wp\/v2\/types\/page"}],"author":[{"embeddable":true,"href":"https:\/\/pp.ladivulgation.fr\/index.php?rest_route=\/wp\/v2\/users\/1"}],"replies":[{"embeddable":true,"href":"https:\/\/pp.ladivulgation.fr\/index.php?rest_route=%2Fwp%2Fv2%2Fcomments&post=8216"}],"version-history":[{"count":6,"href":"https:\/\/pp.ladivulgation.fr\/index.php?rest_route=\/wp\/v2\/pages\/8216\/revisions"}],"predecessor-version":[{"id":8342,"href":"https:\/\/pp.ladivulgation.fr\/index.php?rest_route=\/wp\/v2\/pages\/8216\/revisions\/8342"}],"wp:attachment":[{"href":"https:\/\/pp.ladivulgation.fr\/index.php?rest_route=%2Fwp%2Fv2%2Fmedia&parent=8216"}],"curies":[{"name":"wp","href":"https:\/\/api.w.org\/{rel}","templated":true}]}}